hat is the greatest common factor of u and r?
39
Suppose -18*g + 704 = -196. Suppose 5*c - 80 = -4*y, 2*y + 90 = 4*c - 0*c. What is the highest common divisor of g and c?
10
Let v = 133 - 132. Let c(f) = 25*f**3 + 6*f**2 - 8*f + 2. Let h be c(v). What is the highest common factor of 20 and h?
5
Suppose 6*k - 2*f = 4*k + 66, 0 = 2*f + 6. Calculate the greatest common divisor of 906 and k.
6
Let q(b) = 20*b - 117. Let k be q(6). Suppose -k*j - 49 = f - 263, -1034 = -5*f - 3*j. What is the greatest common factor of 10 and f?
5
Suppose -z + 171 = 2*d, -3*d + 2*z + 377 = 131. What is the greatest common factor of d and 546?
42
Let t be 3 + 2 + (-755)/(-1). Suppose 2*g = -0*g + t. Suppose 3*z = -z + g. Calculate the greatest common divisor of z and 38.
19
Let z(d) = -d**3 + d**2 + 16*d - 12. Let r be (-3)/(-6) - (-5 + 3/2). Let c be z(r). What is the highest common divisor of c and 68?
4
Suppose 23*z = 11*z + 144. Let g be 2 - (16/72 - (-492)/(-27)). What is the greatest common factor of g and z?
4
Suppose 5*q - 7*q - 2 = 0, -4*q - 496 = 4*d. Let i = -57 - d. What is the greatest common factor of i and 110?
22
Suppose -17*l + 4522 = -0*l. What is the greatest common divisor of l and 56?
14
Let h(i) = 2*i**2 - 29*i - 38. Let r be h(21). Let d = r + -150. Let a = -73 + d. What is the highest common divisor of 60 and a?
12
Let l = -4425 + 4431. What is the greatest common divisor of 729 and l?
3
Let w = 2 + 2. Suppose -50 = -i - w*i. Let b be (-207)/(-6) + ((-135)/i)/9. Calculate the highest common factor of 77 and b.
11
Let r be -27 + 186 + (21 - 9). Suppose d - 3*d = -114. What is the highest common factor of r and d?
57
Let r = -13 - -21. Suppose r*x - 308 = 7*x. Suppose -29*n + 132 = 5*t - 31*n, 4*t - 132 = -5*n. What is the greatest common divisor of x and t?
28
Let h = 4701 - 4519. What is the greatest common factor of h and 403?
13
Let r(a) = -37*a + 544. Let v be r(14). Suppose -3*m = -m - 442. What is the highest common factor of m and v?
13
Let j = -2 - 126. Let a = 158 + j. Calculate the highest common factor of a and 110.
10
Let j be ((0 - 34/10) + 4)*20. Calculate the highest common factor of 11586 and j.
6
Suppose -h = 2*b - 35, 2*h = 3*b + 3*h - 54. Let x be 25/30 + 1338/36. Suppose 2*m + x = 76. What is the greatest common factor of b and m?
19
Let c(i) = 199*i - 7. Let l be (-45911)/(-527) - (-2)/(-17). Let n = -86 + l. Let u be c(n). What is the highest common factor of u and 32?
32
Let p(o) = -o**3 - 3*o**2 + 2*o + 1. Let x be p(-4). Suppose -27*i - 3497 = -6413. What is the highest common divisor of i and x?
9
Suppose 0 = -11*d - 11 - 21 + 65. Let h(r) = -r**3 + 10*r**2 + 13*r - 10. Let o be h(11). What is the highest common divisor of d and o?
3
Suppose -2*v + 4*v - 980 = -3*y, 0 = -v + 4. Suppose k + 2*t - 38 = -12, -4*k = 3*t - 99. Calculate the highest common factor of k and y.
12
Suppose 0 = 25*w - 20*w - 255. Let v = 214 - 10. What is the greatest common divisor of v and w?
51
Let o = -15899 + 27090. Calculate the greatest common divisor of o and 31.
31
Let o(t) = -6*t**2 - 4*t + 31. Let a be o(-2). What is the greatest common factor of 630 and a?
15
Let b(m) = -11*m + 1. Let u be b(-1). Suppose 0 = 41*t - 5874 + 1815. Let l = t - 95. Calculate the highest common factor of u and l.
4
Let h = 88 + -62. Let v be ((-4)/6)/((-24)/108). Calculate the highest common divisor of h and v.
1
Suppose -3*g - 3*m = 6, 0 = 3*m - 0*m + 6. Let c be 4 + 85 + 6 + g. What is the highest common divisor of c and 5?
5
Let h(b) = 3*b**2 - 9*b + 6. Let p be h(7). Let q(n) = -n**3 + 172*n + 6. Let c be q(13). Calculate the highest common factor of p and c.
45
Let n be 4026*(-25)/(-1350) + (8/18 - 0). Calculate the greatest common divisor of 800 and n.
25
Suppose 13*c = 17*c - 16. Suppose c*p = 8*p + 4*b - 28, -4*b - 16 = 0. Calculate the greatest common divisor of p and 4.
1
Suppose -192 = -8*d - 4*d. Let c(z) = -3 - z**2 + d*z - z + z - 15. Let o be c(7). Calculate the highest common divisor of 9 and o.
9
Suppose 8*p - 536 - 280 = 0. Let h = p + -60. Let z be (35 - -1)*h/21. Calculate the greatest common divisor of 48 and z.
24
Let p(y) = 2*y**3 + 15*y**2 - 10*y - 5. Let q = -128 - -120. Let v be p(q). Calculate the highest common divisor of 55 and v.
11
Let t = 64 - 34. Let c be -3 - t/(-8) - (-10)/8. Let b be c*(49 - (2 - 1)). What is the greatest common divisor of b and 12?
12
Suppose 3*t - 20658 = -4*i + 8*i, 5*i = t - 6919. What is the highest common divisor of 21 and t?
7
Let f(h) = -16*h - 35. Let x be f(-12). Let u = -43 + x. Calculate the greatest common factor of 57 and u.
57
Suppose 5*a + 10088 - 19503 - 46250 = 0. Calculate the highest common divisor of 9 and a.
9
Suppose -2*y + 5*h - 1 = 4*h, 5*y - 2*h = -1. Let z = y - -7. Let v(r) = 2*r**3 + 11*r**2 - 14*r. Let b be v(2). What is the highest common divisor of b and z?
8
Suppose 9*l - 1905 = -933. What is the greatest common factor of 1458 and l?
54
Let k(x) = -x**3 + x**2 - 3*x + 116. Let r be k(-10). What is the greatest common divisor of r and 534?
178
Suppose 3*g - 20 = 7. Suppose -34*n - 24444 = -422*n. Calculate the highest common factor of n and g.
9
Let d(g) = g**2 - g + 9. Let r be d(-3). Suppose 2*i + i = r. Let h be (-392)/21*6/(-4). What is the greatest common factor of h and i?
7
Let k be (0 + -1 + 0)*3/1. Let q be k/18*-15*22. Let y be 2 + (q/4 - 15/20). Calculate the highest common factor of 105 and y.
15
Let j = -87 - -96. Suppose j*y = -6*y + 1125. Calculate the highest common divisor of y and 15.
15
Let q be (38/(-3))/(10/(-15)). Suppose -105 = -q*l + 579. Calculate the highest common factor of l and 45.
9
Suppose 3*h = 3*c - 4563, -1491*c + 3*h = -1486*c - 7615. What is the highest common divisor of c and 2398?
218
Let r be (-11)/4 + (6 - 325/52). Let o be r/(-1 + 80/84). Calculate the greatest common factor of o and 14.
7
Let z(f) = -11*f + 27. Let c(q) = -12*q + 26. Let o(a) = -6*c(a) + 7*z(a). Let k be o(-19). Let x = -123 + k. Calculate the highest common divisor of 40 and x.
5
Suppose 0 = -2*h - 30 + 102. Suppose 7*o - 3*o = 3*y + 189, -3*o = -2*y - 142. Suppose -2*n = -0*n - o. Calculate the highest common divisor of h and n.
12
Let u = -55 - -58. Suppose u*j = 5*j - 2548. Suppose j + 553 = 9*t. What is the highest common factor of 29 and t?
29
Let c(f) = -3*f**2 + 65*f - 287. Let u(b) = b**2 - 21*b + 96. Let r(m) = 3*c(m) + 8*u(m). Let l be r(22). What is the greatest common divisor of 2 and l?
1
Let o(y) = 4*y + 2. Let q be o(0). Suppose c - 2*f + 3 = -q, 2*f - 4 = 0. Let p = c - -13. What is the highest common factor of p and 3?
3
Suppose -q - 18220 - 20060 = -13*q. What is the greatest common divisor of q and 5?
5
Let c = 15 + -10. Suppose 2*o - 178 = 3*q + 2, -5*o + c*q + 445 = 0. What is the highest common factor of o and 145?
29
Let o = 114 + -66. Suppose 2*v = 0, -4*n + 4*v = 92 + 16. Let p = n + o. What is the greatest common divisor of 3 and p?
3
Let c(k) = -62*k - 2477. Let t be c(-47). What is the greatest common factor of 69 and t?
23
Suppose 5943 = 57*l - 1410. What is the greatest common divisor of 3569 and l?
43
Let g(q) = -5*q**2 - 38*q + 7. Let d be g(-7). Suppose 0*j - 74 = -5*c - j, 0 = 5*c - 3*j - 58. Calculate the highest common factor of d and c.
14
Let z = 89 - 35. Suppose -m + z = 8*m. What is the highest common factor of m and 78?
6
Suppose -16*w + 13*w = 186. Let v be 31/w - 1290/(-4). Calculate the highest common factor of v and 14.
14
Suppose 5*j - 606 = 824. Let r be (j/(-6))/((-8)/24). Calculate the greatest common factor of r and 13.
13
Suppose 4*c + 9*t - 6*t = 7, 4*t = -5*c + 9. Let v(a) = -4 + c - 57*a + 58*a + 9*a**2. Let r be v(-3). Calculate the highest common divisor of r and 30.
15
Let k = 960 - 669. Let p = k + -249. Calculate the highest common factor of 6 and p.
6
Let c be (-11)/(19 - 8) + (-3)/3 + 116. Suppose 5*o + 4*l = 7 + 37, 2*o = l + 28. Calculate the greatest common divisor of o and c.
6
Let r = 699 + -633. Suppose 65*i - r*i + 150 = 0. What is the greatest common factor of 120 and i?
30
Suppose -10293 = -12*u - 1473. Calculate the greatest common divisor of 195 and u.
15
Suppose -5*u + 106*u - 1031 - 11594 = 0. Let c(h) = 3*h + 7. Suppose i - 6 = -0. Let s be c(i). What is the highest common divisor of u a